12, what is 5969 - 1?
5968
In base 4, what is 11 - 1022221?
-1022210
In base 9, what is -12063 + -30?
-12103
In base 10, what is -32 + 1424?
1392
In base 5, what is 3 - -143400?
143403
In base 9, what is 23 + 2738?
2762
In base 3, what is 210111121200 + 20?
210111121220
In base 2, what is 111111 + -11000000011?
-10111000100
In base 4, what is 11 + 100310200?
100310211
In base 4, what is 3220202 + 11?
3220213
In base 10, what is 3 + -94971?
-94968
In base 12, what is 633a66 - -3?
633a69
In base 2, what is -10000 + -111101100011?
-111101110011
In base 16, what is 17e - -32?
1b0
In base 6, what is 105 - -20?
125
In base 4, what is 3 + -10333101?
-10333032
In base 14, what is -cada7 - -5?
-cada2
In base 9, what is -2803 + -335?
-3238
In base 16, what is -19 + -5aa?
-5c3
In base 4, what is -101213200 + -2?
-101213202
In base 14, what is -163 - -2a8?
145
In base 8, what is 322602 + 3?
322605
In base 8, what is -26 + -1563?
-1611
In base 14, what is -3 + -4b73?
-4b76
In base 6, what is 13 + 30530?
30543
In base 12, what is 2 + -ba505?
-ba503
In base 6, what is -22 - -1222223?
1222201
In base 15, what is -35 - 2883?
-28b8
In base 11, what is 86 + 18?
a3
In base 7, what is -3654 - -236?
-3415
In base 14, what is 92b + 1a?
947
In base 16, what is -855 + 1b8?
-69d
In base 3, what is -21210101211 + -10?
-21210101221
In base 10, what is 71 - 19515?
-19444
In base 16, what is 619e7 + -2?
619e5
In base 16, what is -8b9 - -351?
-568
In base 2, what is 11 - -1110111111001111011?
1110111111001111110
In base 14, what is -20d91 - -5?
-20d8a
In base 8, what is 447650 - -5?
447655
In base 8, what is 124 - 244?
-120
In base 5, what is 42232 - -14?
42301
In base 5, what is -2101 - -12022?
4421
In base 8, what is -43 + 525?
462
In base 2, what is 1001011001110 - -10000111?
1001101010101
In base 8, what is 2646455 + 2?
2646457
In base 16, what is 53c + -8?
534
In base 13, what is -283 + 2a6?
23
In base 5, what is 2 + -24122144?
-24122142
In base 12, what is 984 + -8?
978
In base 8, what is -2627 + -653?
-3502
In base 10, what is -4 + 31426?
31422
In base 14, what is 1aaa8 + -1?
1aaa7
In base 6, what is 3331032 + -2?
3331030
In base 7, what is -4 - 56246?
-56253
In base 4, what is 10300 - 3101?
1133
In base 10, what is -14881 - -25?
-14856
In base 14, what is -4a84 + 8?
-4a7a
In base 12, what is -14a - 1508?
-1656
In base 13, what is -1 + -1140c?
-11410
In base 7, what is 2 - -123635?
123640
In base 2, what is 111000000110011001011 - -101?
111000000110011010000
In base 16, what is -3b + 17b?
140
In base 6, what is -21 + 1132411?
1132350
In base 11, what is 420300 + 5?
420305
In base 5, what is 213324 + -4?
213320
In base 3, what is -11000 + -102002?
-120002
In base 9, what is -307335 + 2?
-307333
In base 5, what is -2 - -101343?
101341
In base 10, what is -1 - 1993403?
-1993404
In base 12, what is -160540 - -5?
-160537
In base 10, what is 18 - 141?
-123
In base 2, what is -101 - 100001010101100?
-100001010110001
In base 3, what is 11010001000122 - -1?
11010001000200
In base 10, what is 15379 + -34?
15345
In base 5, what is -2004324 - -11?
-2004313
In base 9, what is -373 - 3053?
-3436
In base 8, what is 46077 + 31?
46130
In base 4, what is -221313 + -3013?
-230332
In base 14, what is c84 - 1?
c83
In base 6, what is -2 - 2450340?
-2450342
In base 9, what is 3 - 13556?
-13553
In base 13, what is -1 - -c0197?
c0196
In base 6, what is 5 - -434025?
434034
In base 14, what is 3852 + 3b?
388d
In base 13, what is -b8a - 550?
-140a
In base 14, what is -140b5 - 2?
-140b7
In base 7, what is 2 + -2253?
-2251
In base 16, what is -36 - 1915?
-194b
In base 9, what is 2155 - 35?
2120
In base 6, what is -513032 + 1?
-513031
In base 10, what is 0 + -38101?
-38101
In base 8, what is 34 + 117403?
117437
In base 15, what is e + 13dad?
13dbc
In base 7, what is 53142 + 40?
53212
In base 9, what is 10333 + -2?
10331
In base 10, what is -804 + 48?
-756
In base 6, what is -3 - -345552?
345545
In base 4, what is 21232311 + -12?
21232233
In base 5, what is 1220 + -322412?
-321142
In base 13, what is -9294 + 3?
-9291
In base 14, what is 0 + -b391d?
-b391d
In base 10, what is -15059 - -2?
-15057
In base 2, what is -1011110110101 + 10000?
-1011110100101
In base 15, what is -302 - e27?
-1229
In base 2, what is 110001110100011110 + 10000?
110001110100101110
In base 8, what is 4 + -313714?
-313710
In base 3, what is 1102110012 + -12022?
1102020220
In base 16, what is 55 - -115?
16a
In base 15, what is 1 + -1339?
-1338
In base 4, what is -311110 + 112?
-310332
In base 8, what is 10351 - -32?
10403
In base 16, what is -bc - -1f3?
137
In base 15, what is -36 + -30e?
-345
In base 12, what is 1 + -26323?
-26322
In base 13, what is -957a - -3?
-9577
In base 6, what is 5 - -51205?
51214
In base 3, what is 120112 + -11211?
101201
In base 11, what is -57 - -407?
360
In base 2, what is 110001 - -10011011?
11001100
In base 4, what is 11100201 - -1?
11100202
In base 6, what is 22140 - -15?
22155
In base 4, what is -20 + -100020003?
-100020023
In base 16, what is -193 - 4a0?
-633
In base 9, what is -8728 - 3?
-8732
In base 11, what is 12 - -2a35a3?
2a3605
In base 15, what is -a9 + 5?
-a4
In base 10, what is 1363 + -1707?
-344
In base 16, what is -1 - -11c4?
11c3
In base 7, what is 255 + -100?
155
In base 4, what is 122020 + 13103?
201123
In base 7, what is -2 - 605535?
-605540
In base 3, what is 11211211 - -1002?
11212220
In base 14, what is 8a19 - 25?
89d4
In base 14, what is 38d1 + 5?
38d6
In base 9, what is -4674 + -620?
-5404
In base 15, what is -5 - 134d5?
-134da
In base 5, what is 34242 + 112?
34404
In base 14, what is 7 - 1a587?
-1a580
In base 12, what is -9 - -5a8?
59b
In base 5, what is -1111313 + -2043?
-1113411
In base 3, what is -1021 + 21020110?
21012012
In base 13, what is -3c + 1986?
1947
In base 10, what is 1312 - 38?
1274
In base 14, what is c3842 + -3?
c383d
In base 6, what is -25445 + -423?
-30312
In base 10, what is -6197 + 11?
-6186
In base 16, what is -2622 + -f?
-2631
In base 7, what is 1065 - -136?
1234
In base 4, what is 2021300 + 1?
2021301
In base 15, what is 7 + -2d2?
-2ca
In base 12, what is -13b883 - 4?
-13b887
In base 3, what is -1011000 + 11?
-1010212
In base 9, what is 0 + 1662112?
1662112
In base 6, what is -2340 + 545?
-1351
In base 9, what is -5 - 1188525?
-1188531
In base 3, what is 20022 - -12111?
102210
In base 12, what is -1 + -16473?
-16474
In base 2, what is -1110011110111111101 + -11?
-1110011111000000000
In base 7, what is -61623 - 115?
-62041
In base 3, what is 102000010112 - 12?
102000010100
In base 6, what is 14333352 - 1?
14333351
In base 9, what is -28 - -204?
165
In base 11, what is 43 + -2720?
-2688
In base 6, what is -230351 - 125?
-230520
In base 4, what is -2 + 13122323?
13122321
In base 14, what is -459 + -765?
-bc0
In base 16, what is -3 - -32158?
32155
In base 15, what is 4433 - -32?
4465
In base 16, what is 3fd8 - 11?
3fc7
In base 2, what is 111111111 - -100001?
1000100000
In base 2, what is 110010011011 - 10101111?
101111101100
In base 14, what is -50 + -c61c?
-c66c
In base 11, what is 3943 - -1?
3944
In base 5, what is -2442 - 3142?
-11134
In base 15, what is 0 - -2d1ca?
2d1ca
In base 9, what is 2 - -110564?
110566
In base 15, what is -17 + 46d1?
46b9
In base 12, what is 223 + 541b?
5642
In base 12, what is 85 + 1146?
120b
In base 8, what is -153 + -4640?
-5013
In base 11, what is -3483 + 2?
-3481
In base 14, what is 9 + 734?
73d
In base 8, what is -753732 - -1?
-753731
In base 15, what is 310c + 0?
310c
In base 4, what is -132 - -1212?
1020
In base 12, what is -9230 - -2?
-922a
In base 7, what is 6 + 12224?
12233
In base 13, what is 1a88 - a?
1a7b
In base 14, what is -552db + -11?
-5530c
In base 11, what is -2 + 13976?
13974
In base 15, what is -4 + 16b39?
16b35
In base 6, what is 0 + 1405435?
1405435
In base 14, what is 7 - -a9?
b2
In base 2, what is -1111110 - -1100001101?
1010001111
In base 13, what is -466 + -6a?
-503
In base 13, what is -1463 - -14a?
-1316
In base 4, what is 1 - -11201113?
11201120
In base 14, what is 0 - 2c55?
-2c55
In base 10, what is 117 + -160?
-43
In base 8, what is 2 - 1145677?
-1145675
In base 9, what is 2 + -66450?
-66447
In base 12, what is -10928b0 + -1?
-10928b1
In base 6, what is 203 + 1211155?
1211402
In base 14, wha